ist the prime factors of 1776997.
1776997
What are the prime factors of 10572322?
2, 19, 278219
List the prime factors of 2635274.
2, 739, 1783
What are the prime factors of 1168133?
1168133
List the prime factors of 7347952.
2, 101, 4547
What are the prime factors of 1614985?
5, 322997
List the prime factors of 2710140.
2, 3, 5, 17, 2657
List the prime factors of 1511378.
2, 11, 68699
What are the prime factors of 4608552?
2, 3, 13, 14771
What are the prime factors of 171134?
2, 41, 2087
What are the prime factors of 421700?
2, 5, 4217
List the prime factors of 303178.
2, 17, 37, 241
What are the prime factors of 761244?
2, 3, 11, 73, 79
List the prime factors of 8101828.
2, 7, 19, 97, 157
What are the prime factors of 9197971?
431, 21341
List the prime factors of 230029.
37, 6217
What are the prime factors of 60851?
7, 8693
What are the prime factors of 148428?
2, 3, 7, 19, 31
What are the prime factors of 3510527?
97, 36191
What are the prime factors of 562008?
2, 3, 23417
List the prime factors of 24038426.
2, 281, 42773
List the prime factors of 1376024.
2, 13, 101, 131
List the prime factors of 1247405.
5, 23, 10847
List the prime factors of 337933.
89, 3797
List the prime factors of 13619208.
2, 3, 567467
What are the prime factors of 1167967?
41, 61, 467
List the prime factors of 3103118.
2, 19, 127, 643
List the prime factors of 1586555.
5, 53, 5987
What are the prime factors of 47325?
3, 5, 631
List the prime factors of 7559822.
2, 359, 10529
What are the prime factors of 898376?
2, 112297
What are the prime factors of 214694?
2, 107347
List the prime factors of 34441146.
2, 3, 269, 2371
What are the prime factors of 331225?
5, 13249
What are the prime factors of 262968?
2, 3, 10957
What are the prime factors of 613521?
3, 31, 733
List the prime factors of 89078.
2, 11, 4049
What are the prime factors of 6840254?
2, 3420127
What are the prime factors of 809566?
2, 404783
What are the prime factors of 127048?
2, 15881
What are the prime factors of 5869007?
5869007
List the prime factors of 114365.
5, 89, 257
List the prime factors of 1358236.
2, 11, 30869
List the prime factors of 282928.
2, 17683
List the prime factors of 82590.
2, 3, 5, 2753
List the prime factors of 196828.
2, 49207
List the prime factors of 32697.
3, 7, 173
List the prime factors of 549198.
2, 3, 13, 2347
List the prime factors of 470900.
2, 5, 17, 277
List the prime factors of 22465724.
2, 5616431
List the prime factors of 7658317.
7658317
List the prime factors of 285866.
2, 7, 2917
What are the prime factors of 114378?
2, 3, 11, 1733
What are the prime factors of 730535?
5, 13, 11239
List the prime factors of 3223750.
2, 5, 2579
What are the prime factors of 14388763?
101, 109, 1307
What are the prime factors of 209566?
2, 7, 14969
List the prime factors of 30895.
5, 37, 167
What are the prime factors of 772042?
2, 37, 10433
List the prime factors of 212804.
2, 53201
List the prime factors of 5230846.
2, 29, 90187
List the prime factors of 3210607.
3210607
List the prime factors of 1769362.
2, 7, 47, 2689
What are the prime factors of 6978?
2, 3, 1163
What are the prime factors of 9453356?
2, 11, 214849
What are the prime factors of 16677?
3, 17, 109
What are the prime factors of 15286197?
3, 5095399
What are the prime factors of 268368?
2, 3, 5591
What are the prime factors of 18882753?
3, 6294251
What are the prime factors of 8059481?
1609, 5009
List the prime factors of 971289.
3, 11, 9811
What are the prime factors of 1341805?
5, 37, 7253
What are the prime factors of 17570?
2, 5, 7, 251
What are the prime factors of 2058792?
2, 3, 109, 787
What are the prime factors of 121985?
5, 31, 787
What are the prime factors of 162019?
11, 13, 103
List the prime factors of 7153812.
2, 3, 66239
List the prime factors of 14327995.
5, 11, 19, 13711
What are the prime factors of 530556?
2, 3, 13, 19, 179
What are the prime factors of 2536241?
2536241
What are the prime factors of 67089?
3, 11, 19, 107
What are the prime factors of 107141?
19, 5639
What are the prime factors of 290601?
3, 47, 229
What are the prime factors of 2746600?
2, 5, 31, 443
List the prime factors of 1703591.
37, 41, 1123
List the prime factors of 10291099.
7, 13, 113089
What are the prime factors of 903257?
903257
List the prime factors of 6139135.
5, 41, 29947
List the prime factors of 104952.
2, 3, 4373
What are the prime factors of 3265741?
3265741
What are the prime factors of 1617409?
41, 103, 383
What are the prime factors of 178829?
7, 59, 433
What are the prime factors of 1285394?
2, 11, 58427
What are the prime factors of 4369563?
3, 11, 19, 23, 101
What are the prime factors of 276?
2, 3, 23
List the prime factors of 5904037.
937, 6301
What are the prime factors of 1008721?
7, 144103
What are the prime factors of 14803764?
2, 3, 1233647
What are the prime factors of 428522?
2, 167, 1283
What are the prime factors of 1248610?
2, 5, 11, 11351
What are the prime factors of 16519344?
2, 3, 344153
What are the prime factors of 17618204?
2, 4404551
What are the prime factors of 9453299?
23, 411013
What are the prime factors of 22141868?
2, 7, 790781
List the prime factors of 3012933.
3, 7, 11, 13043
List the prime factors of 6844535.
5, 1368907
List the prime factors of 41857.
19, 2203
List the prime factors of 191424.
2, 3, 997
List the prime factors of 143647.
7, 20521
What are the prime factors of 22521076?
2, 5630269
List the prime factors of 286822.
2, 61, 2351
What are the prime factors of 286734?
2, 3, 7, 6827
List the prime factors of 1992.
2, 3, 83
What are the prime factors of 6474451?
6474451
List the prime factors of 13600429.
23, 103, 5741
List the prime factors of 6048.
2, 3, 7
What are the prime factors of 978296?
2, 11, 11117
What are the prime factors of 323812?
2, 80953
What are the prime factors of 101116?
2, 17, 1487
List the prime factors of 24486178.
2, 43, 284723
What are the prime factors of 2681739?
3, 297971
List the prime factors of 7070319.
3, 785591
List the prime factors of 40615.
5, 8123
List the prime factors of 2880495.
3, 5, 19, 1123
List the prime factors of 3957869.
179, 22111
List the prime factors of 4178989.
71, 829
What are the prime factors of 15310218?
2, 3, 7, 11, 31, 1069
List the prime factors of 6616847.
23, 287689
What are the prime factors of 3584881?
503, 7127
What are the prime factors of 602981?
31, 53, 367
List the prime factors of 1511885.
5, 61, 4957
List the prime factors of 7135529.
17, 421, 997
What are the prime factors of 124044?
2, 3, 10337
List the prime factors of 3319908.
2, 3, 19, 14561
What are the prime factors of 6538010?
2, 5, 653801
List the prime factors of 94367.
7, 13, 17, 61
List the prime factors of 1684552.
2, 29, 53, 137
What are the prime factors of 73646?
2, 23, 1601
List the prime factors of 5730.
2, 3, 5, 191
List the prime factors of 9753597.
3, 7, 17, 1301
What are the prime factors of 67605?
3, 5, 4507
What are the prime factors of 420487?
199, 2113
List the prime factors of 359976.
2, 3, 53, 283
What are the prime factors of 1205323?
7, 409, 421
What are the prime factors of 315499?
37, 8527
List the prime factors of 5753609.
5753609
What are the prime factors of 9283959?
3, 281, 3671
List the prime factors of 376606.
2, 188303
What are the prime factors of 810265?
5, 162053
List the prime factors of 148284.
2, 3, 1373
List the prime factors of 7533492.
2, 3, 627791
List the prime factors of 452504.
2, 13, 19, 229
List the prime factors of 929137.
11, 84467
List the prime factors of 420818.
2, 17, 12377
List the prime factors of 6552859.
6552859
What are the prime factors of 7579158?
2, 3, 1263193
What are the prime factors of 688870?
2, 5, 7, 13, 757
List the prime factors of 13437982.
2, 281, 23911
What are the prime factors of 379476?
2, 3, 83, 127
What are the prime factors of 111134?
2, 181, 307
List the prime factors of 1827790.
2, 5, 182779
List the prime factors of 5210915.
5, 1042183
What are the prime factors of 1396177?
19, 73483
List the prime factors of 113555.
5, 13, 1747
What are the prime factors of 3799257?
3, 7, 11, 16447
What are the prime factors of 3088323?
3, 7, 47, 149
What are the prime factors of 7934391?
3, 37, 23827
List the prime factors of 914858.
2, 7, 101, 647
List the prime 